8?
False
Is 8 a factor of 3073858?
False
Is 181068351 a multiple of 560?
False
Is 27680622 a multiple of 3667?
False
Is 104 a factor of 20362503?
False
Is 461748450 a multiple of 150?
True
Does 13 divide 1206313695?
False
Does 17 divide 910533175?
True
Is 1895311734 a multiple of 374?
False
Is 231164636 a multiple of 86?
False
Is 49 a factor of 1164716845?
False
Does 215 divide 398230740?
True
Is 9 a factor of 338867091?
True
Does 7 divide 18455476?
False
Does 469 divide 16101239?
True
Is 104793150 a multiple of 13?
False
Does 10 divide 695203665?
False
Does 75 divide 144395175?
True
Is 104618970 a multiple of 3018?
True
Is 6431464 a multiple of 67?
True
Is 12007507 a multiple of 550?
False
Is 1721801 a multiple of 22?
False
Does 3 divide 6103560?
True
Does 5 divide 67578172?
False
Is 2 a factor of 22095895?
False
Is 332833930 a multiple of 24?
False
Is 10 a factor of 25881583?
False
Is 9 a factor of 1476651724?
False
Does 22 divide 75091346?
True
Is 4533 a factor of 357635204?
False
Does 356 divide 29049738?
False
Is 27219312 a multiple of 16?
True
Is 14333324 a multiple of 46?
True
Is 289 a factor of 69352723?
False
Is 50 a factor of 11963850?
True
Is 622 a factor of 1082279378?
True
Is 14956184 a multiple of 3166?
True
Does 15 divide 89424705?
True
Is 12 a factor of 267744420?
True
Is 23466563 a multiple of 472?
False
Does 49 divide 384647807?
False
Does 7 divide 19044022?
False
Is 800429553 a multiple of 189?
True
Is 1065 a factor of 1211849242?
False
Is 202 a factor of 1460415013?
False
Does 82 divide 351239456?
True
Is 1724645584 a multiple of 8?
True
Does 810 divide 3179250?
True
Is 4 a factor of 135154313?
False
Is 664 a factor of 1590230200?
True
Is 123 a factor of 2612278?
False
Does 43 divide 724497618?
False
Is 5 a factor of 44264745?
True
Is 749 a factor of 3910537239?
True
Does 232 divide 8332082?
False
Does 937 divide 178848001?
True
Does 35 divide 9380595?
True
Is 1904 a factor of 10727136?
True
Is 14487420 a multiple of 12?
True
Is 49 a factor of 52514770?
True
Does 21 divide 317187297?
True
Is 34635330 a multiple of 111?
True
Is 25301584 a multiple of 88?
True
Is 1221 a factor of 382992291?
True
Is 1297 a factor of 70943056?
False
Is 55790586 a multiple of 1017?
True
Does 12 divide 224625702?
False
Is 2529 a factor of 1635408198?
True
Is 195 a factor of 6230902?
False
Is 269325643 a multiple of 19?
False
Is 123 a factor of 22258818?
True
Is 499 a factor of 2378316335?
True
Is 68293752 a multiple of 229?
False
Is 456396568 a multiple of 38?
True
Is 897 a factor of 1641176604?
False
Does 7 divide 4205762570?
False
Is 51 a factor of 11191732?
False
Does 527 divide 156496339?
True
Is 16 a factor of 598764316?
False
Is 476 a factor of 45870675?
False
Is 2195134681 a multiple of 79?
False
Is 539538687 a multiple of 3101?
False
Does 14 divide 472284818?
False
Is 105 a factor of 23028600?
True
Does 613 divide 13345010?
True
Is 1847 a factor of 40032847?
False
Is 9 a factor of 25303437?
True
Is 44 a factor of 905861?
False
Does 1641 divide 2577239730?
True
Is 6 a factor of 75405141?
False
Does 210 divide 6904786444?
False
Does 54 divide 819866253?
False
Is 30 a factor of 6023825?
False
Is 61 a factor of 37528152?
False
Is 2385 a factor of 259888680?
True
Is 53 a factor of 1308912750?
False
Does 19 divide 24999440?
True
Is 109 a factor of 15759656?
True
Is 67 a factor of 17675404?
True
Is 2132212091 a multiple of 19?
True
Does 2621 divide 28699724?
False
Is 9 a factor of 72885622?
False
Does 17 divide 184346794?
False
Does 391 divide 545926892?
False
Is 74 a factor of 120377502?
True
Does 27 divide 6374609?
False
Does 78 divide 2974044935?
False
Does 1233 divide 141076161?
True
Does 1968 divide 307424338?
False
Is 3 a factor of 8111096?
False
Is 79 a factor of 107392387?
False
Is 19584334 a multiple of 77?
True
Is 16309557 a multiple of 64?
False
Is 124723778 a multiple of 79?
True
Is 3122895 a multiple of 305?
True
Is 1012325424 a multiple of 88?
True
Is 2089 a factor of 38627699?
True
Is 45 a factor of 99357480?
True
Is 1869 a factor of 160861737?
False
Does 7575 divide 1250867197?
False
Is 1374352353 a multiple of 4587?
True
Is 683 a factor of 99568504?
False
Is 329 a factor of 210687323?
True
Is 82579133 a multiple of 2821?
True
Is 281 a factor of 730319?
True
Is 53634719 a multiple of 127?
False
Is 10 a factor of 102319460?
True
Is 10403352 a multiple of 31?
True
Is 4086466137 a multiple of 169?
True
Does 1802 divide 164105449?
False
Does 879 divide 36533550?
False
Does 2145 divide 165306767?
False
Is 37942113 a multiple of 26?
False
Is 6905093 a multiple of 13?
True
Is 1233 a multiple of 3?
True
Is 3758090529 a multiple of 2354?
False
Is 87737057 a multiple of 23?
False
Does 3 divide 19328853?
True
Does 25 divide 61718675?
True
Does 145 divide 544591629?
False
Does 1463 divide 163004534?
True
Is 9 a factor of 15136164?
True
Does 573 divide 45862347?
True
Does 11 divide 194515882?
True
Is 242 a factor of 8374782?
False
Does 57 divide 26855037?
True
Is 285 a factor of 209790210?
True
Does 8 divide 576718280?
True
Is 311 a factor of 80142834?
True
Is 633745507 a multiple of 323?
False
Is 1011 a factor of 80086243?
False
Does 20 divide 240932480?
True
Does 1634 divide 62085919?
False
Is 2254 a factor of 10084396?
True
Is 3547329813 a multiple of 207?
True
Does 999 divide 873202923?
True
Is 264671396 a multiple of 3014?
True
Is 1043262917 a multiple of 41?
True
Is 122 a factor of 77199340?
False
Is 561818344 a multiple of 2166?
False
Is 82794404 a multiple of 2527?
False
Is 66 a factor of 766080480?
True
Is 6532 a factor of 306037264?
True
Does 4 divide 48283807?
False
Is 3892422 a multiple of 6?
True
Does 126 divide 264629284?
False
Is 2808 a factor of 101747321?
False
Is 60061805 a multiple of 4?
False
Is 13 a factor of 1013039247?
False
Is 3826950 a multiple of 15?
True
Is 61 a factor of 3921593437?
True
Is 30 a factor of 200820180?
True
Does 15 divide 277658190?
True
Is 4 a factor of 388414699?
False
Does 72 divide 2724397371?
False
Does 117 divide 419615352?
True
Is 6245 a factor of 1843888191?
False
Does 19 divide 282499137?
False
Is 567864869 a multiple of 23?
False
Is 17 a factor of 207509628?
False
Does 7693 divide 5482108730?
True
Does 3 divide 6310761?
True
Is 1942169170 a multiple of 4427?
True
Is 11836461 a multiple of 191?
True
Is 351 a factor of 29053130?
False
Is 105347053 a multiple of 29?
True
Does 90 divide 2177265870?
True
Is 23 a factor of 85344398?
True
Is 6 a factor of 2869248?
True
Does 7 divide 5167771?
True
Does 285 divide 723064095?
True
Is 5719835 a multiple of 130?
False
Is 124 a factor of 872186369?
False
Does 7950 divide 1457235000?
True
Does 3824 divide 772658320?
True
Is 10 a factor of 375017060?
True
Is 2303 a factor of 253283940?
True
Does 1445 divide 259478650?
True
Is 240 a factor of 300285840?
True
Does 22 divide 15127288?
True
Does 271 divide 48549379?
True
Does 30 divide 6146632980?
True
Is 69588973 a multiple of 813?
False
Is 50 a factor of 585267800?
True
Is 15 a factor of 8172840?
True
Does 52 divide 113891700?
True
Is 253661060 a multiple of 49?
False
Does 2249 divide 133233009?
True
Does 23 divide 15169883?
False
Does 26 divide 25927698?
False
Is 560510100 a multiple of 10?
True
Does 5 divide 63708860?
True
Is 4 a factor of 56137428?
True
Is 683015070 a multiple of 6?
True
Is 576 a factor of 29880856?
False
Is 914 a factor of 97554566?
False
Is 1524 a factor of 11437445?
False
Does 98 divide 156665446?
True
Is 13 a factor of 84943599?
True
Is 788 a factor of 46964353?
False
Is 347930706 a multiple of 3174?
True
Is 500209586 a multiple of 2657?
False
Is 17066160 a multiple of 180?
True
Is 15 a factor of 25876515?
True
Is 25994060 a multiple of 791?
False
Is 470616672 a multiple of 260?
False
Is 32556233 a multiple of 181?
False
Is 174 a factor of 69879270?
True
Is 130911729 a multiple of 2337?
True
Does 475 divide 94612175?
False
Is 2993178 a multiple of 21?
False
Does 47 divide 12480278?
False
Is 666669 a multiple of 3?
True
Is 147333896 a multiple of 19?
False
Is 395592600 a multiple of 12?
True
Does 17 divide 25128856?
True
Is 8 a factor of 134936934?
False
Does 5087 divide 837813639?
True
Does 170 divide 100470850?
True
Is 7 a factor of 8717520?
True
Is 267 a factor of 63187419?
Tru